ghest common factor of d and o?
14
Let i = -2312 + 2336. Calculate the greatest common factor of i and 1432.
8
Let u = -2240 + 2316. Let t be (76/8)/(1/6). What is the greatest common divisor of t and u?
19
Let s(i) = 4*i + 10. Let r be s(7). Suppose j = -4*j + 15. Suppose 3*p = -5*w - 2*p + 465, 277 = j*w + 4*p. Calculate the highest common factor of w and r.
19
Let t be 5/55*-2 + 624/44. What is the highest common factor of t and 112?
14
Let k(g) = -g. Let b be k(-3). Let q(x) = 14*x - 43. Let o be q(4). Suppose 8 + 5 = o*a. Calculate the greatest common factor of a and b.
1
Let l(y) = -y - 2. Let f be l(-2). Suppose -3*s + 190 = -2*r - 3*r, f = 3*s + 5*r - 140. Suppose -4*q + s = q. What is the greatest common factor of 99 and q?
11
Let c be (1/3)/(2/24). Let p(l) = 5*l - 3. Let o be p(c). Let t be ((-71)/(-3) - 1)*3. Calculate the greatest common divisor of o and t.
17
Let r(w) = 9*w + 9. Let m be r(6). Let k = m - 11. What is the highest common factor of k and 130?
26
Suppose -5*o + 28 = 3*d, 0 = 2*d + d + 12. What is the greatest common factor of o and 256?
8
Let u = -33 + 31. Let f(l) = -19*l + 34. Let j be f(u). Suppose 0*y + 36 = 2*y. Calculate the greatest common factor of j and y.
18
Let y be (2 - (-13)/(-2))*22. Let v = y - -110. Calculate the highest common divisor of v and 22.
11
Suppose -4*s = -20, -2*u - s + 5 = 2. Let g be u + -3 + 13 - -1. Let y be 218/2 + (-1)/(-1). What is the highest common divisor of y and g?
10
Let m(d) = d**3 - 8*d**2 + 8*d - 2. Let r be m(7). Let h(n) = -5*n - 175. Let x be h(-39). Calculate the highest common factor of x and r.
5
Let h(c) = -c**3 + 10*c**2 + 10*c + 14. Let y be h(11). Suppose -2*t + 3*n = -3*t + 39, n = -5*t + 139. What is the highest common divisor of t and y?
3
Let t be (((-48)/10)/4)/(4/(-30)). Suppose 5*j - r - r - 29 = 0, j - 2*r = t. What is the greatest common factor of 5 and j?
5
Suppose -5*v - 2*d = -3*v + 230, -2*v + 4*d - 224 = 0. Let f = -38 - v. What is the greatest common divisor of f and 19?
19
Suppose 2*l = 18 + 24. Calculate the greatest common divisor of 112 and l.
7
Suppose -5*o + 242 = 4*w, 5*o = 3*w - 38 - 161. Calculate the highest common factor of w and 105.
21
Suppose -2*b = -4*b - s, 2*b + 4*s - 6 = 0. Let v be (b + 7)*(-1)/((-9)/12). What is the greatest common factor of v and 56?
8
Suppose -5*i + 2*h - 3*h = 0, 4*i = 2*h + 14. Let m = -30 + 47. Let q = m + -9. Calculate the highest common divisor of q and i.
1
Let y be (35 + 1)*(-7)/(-21). Let f be 3/(9/y) - -286. Let s = f - 119. Calculate the greatest common factor of 19 and s.
19
Let m(t) = -t**3 - 28*t**2 + 43. Let f be m(-28). Let n = -13 + f. Let z be 3/(6/4) + 58. Calculate the highest common factor of n and z.
30
Let x = -134 + 61. Let y = x - -150. Let i be 4/6 + 620/60. What is the highest common factor of y and i?
11
Suppose -9*s = -4 - 14. Suppose -101 - 51 = -s*l. Calculate the highest common divisor of l and 114.
38
Let s be (-4 - (-35)/10)*(-6)/1. Suppose 3*z - s = 2*z. Calculate the greatest common factor of 3 and z.
3
Suppose 5*g - 511 + 1 = 0. Suppose -2*t = -3*t - 3*y + 49, 2*y = 2*t - 58. Calculate the highest common divisor of t and g.
34
Let o(g) = 17*g - 51. Let j be o(6). Let l be (-4)/6*66/(-4). Suppose l = -3*n + 113. What is the highest common factor of n and j?
17
Let a(x) = -x + 19. Let r = 24 + -8. Let i be 8/r - (-34)/4. Let j be a(i). Calculate the greatest common divisor of 25 and j.
5
Let a(x) = -x + 0 + 5*x - 5*x + 8. Suppose 4*c + 8 = -48. Let i be a(c). Calculate the highest common divisor of 88 and i.
22
Let z be 7/((-24)/16 - 5/(-2)). Suppose -96*v + 99*v - 105 = 0. Calculate the greatest common divisor of z and v.
7
Suppose -4*g = 3*g - 77. Suppose 0 = r + 2 - g. Calculate the greatest common factor of 18 and r.
9
Let x be (-1 - -1)/(-1 - -2). Suppose x = -3*p - 3*p. Suppose -4*b + 126 + 54 = p. Calculate the highest common factor of b and 15.
15
Let m be (396/(-14))/(21/(-98)). Calculate the greatest common divisor of m and 231.
33
Suppose 4*x - f = 142, 4*x + x + 4*f - 167 = 0. Suppose -5*r + 15 + 327 = 2*s, s - 136 = -2*r. Calculate the highest common factor of x and r.
35
Let v be -122*(-1)/((-1)/(-1)). Let g = -82 + v. Suppose 3*c = q + 42, -208*q = 3*c - 203*q - 78. Calculate the greatest common factor of g and c.
8
Let j = 691 - 596. What is the highest common factor of 15 and j?
5
Suppose 6*t - 3355 = t - 5*m, 5*t + m - 3359 = 0. What is the highest common factor of 21 and t?
21
Suppose -4*g = -2*v + 5*v - 57, -5*v - 21 = -3*g. Let n = 14 - g. Let o be n - -1 - 4*-4. What is the greatest common divisor of 57 and o?
19
Let v = 599 + -529. What is the highest common divisor of 1120 and v?
70
Suppose -r = 3*r + 8. Let o = -228 + 237. Let v = o - r. What is the highest common factor of 77 and v?
11
Let n(v) = 2*v + 22. Let d be n(10). Let x be (0 - 2)*d/(-28). What is the highest common factor of x and 48?
3
Let i(x) = 17*x + 1. Let w be i(1). Let v = w + -14. Suppose 4*b - v*p - 27 = b, p = 4*b - 23. Calculate the greatest common factor of 20 and b.
5
Let g be (-4 - (-174)/42) + (-1931)/(-7). Let l = g + -156. Calculate the greatest common divisor of l and 40.
40
Let s = -575 - -759. What is the highest common factor of 253 and s?
23
Let s(b) = -b**3 + 23*b**2 + 17*b - 6. Let z be s(23). What is the highest common factor of 35 and z?
35
Suppose 5*z + 15 = -7*x + 2*x, -2*z + 2*x + 6 = 0. Suppose -4*g - b + 56 = 0, z*g - 67 = -5*g - 2*b. Calculate the highest common divisor of g and 30.
15
Suppose 28 = 15*c - 2. Let d = 44 + -73. Let q = d + 43. Calculate the greatest common divisor of c and q.
2
Suppose -24 = -f - 3*b, 28*b + 120 = 5*f + 23*b. Let v(c) = -c**3 - 7*c**2 + c + 10. Let x be v(-7). Calculate the highest common factor of f and x.
3
Suppose 5*v - 134 = -34. Suppose 5*g - v = 5. Calculate the greatest common divisor of g and 5.
5
Suppose 99*g - 6245 = 2368. Calculate the highest common factor of 319 and g.
29
Let r = 0 + 31. What is the greatest common divisor of r and 1?
1
Suppose 32 = 3*j - 5*f, 2*f = -4*j + 7*f + 41. Let v(d) = -3*d + 6. Let a be v(-4). What is the greatest common factor of j and a?
9
Suppose 4 = -0*a + 2*a. Let w be a/(-10) - (-1428)/15. Suppose 994 = 41*t - 564. What is the highest common divisor of t and w?
19
Suppose 4 = -f - p + 4*p, -20 = -3*f + p. Let a be ((-195)/(-20)*-2)/((-6)/f). Calculate the highest common factor of 65 and a.
13
Let a be -2*27/15*-5. Calculate the greatest common factor of a and 342.
18
Let g = -305 - -341. What is the highest common divisor of g and 204?
12
Let k be (-10)/(-15)*9*3/(-6). Let m(i) = -4*i + 4. Let y be m(k). What is the highest common factor of y and 128?
16
Let p be 6 - (-84 - -7) - -5. Calculate the greatest common divisor of p and 8.
8
Let i(v) = v**2 - 3*v - 9. Let r be i(8). Suppose 4*b = -f + r, 3*b = 3*f - 37 - 11. What is the highest common divisor of f and 76?
19
Suppose -3*n + 48 = n. Let x be (-8)/220 + 56932/4730. Calculate the greatest common factor of x and n.
12
Let t(y) = -y**2 + 14. Let c be t(0). Let o = -104 + 113. Let u = c - o. What is the highest common factor of u and 10?
5
Let d be ((-1775)/(-125) + -12)*(0 - -15). Let u be (55/(-2))/((-1)/6). Calculate the highest common factor of d and u.
33
Let d(l) = 746*l - 534. Let x be d(4). Calculate the highest common divisor of x and 49.
49
Let f(i) = -i**3 + 17*i**2 - 17*i - 65. Let n be f(15). What is the highest common divisor of n and 150?
10
Suppose -30*m = -1022 - 1108. Calculate the highest common factor of 2911 and m.
71
Let b = 9 + -8. Suppose -2*v - b = -3*r, 0*r - 6 = -2*r. Suppose 2*q + 4*p = -18, 5*q - v = 4*p + 21. Calculate the highest common divisor of q and 7.
1
Suppose 16 = q + 11. Suppose -q*k + k = -72. Calculate the highest common factor of k and 27.
9
Let z = -808 + 1040. Calculate the greatest common divisor of 12 and z.
4
Let z(g) = g**2 + 4*g - 16. Let d(l) = -l**2 - 5*l + 16. Let x(c) = -2*d(c) - 3*z(c). Let a be x(0). What is the highest common factor of a and 64?
16
Let i be 120/(-14)*(0 - 21). Suppose 3*q = 3*b - 405, 2*q - 5*b + i + 102 = 0. Let s = 45 - q. What is the highest common divisor of s and 22?
22
Suppose -54 - 6 = -5*k. Let a be (-2)/3 - (-2944)/96. Calculate the greatest common